{"id":72,"date":"2021-12-07T12:53:08","date_gmt":"2021-12-07T11:53:08","guid":{"rendered":"https:\/\/psychiatria.umed.pl\/klinika-zaburzen-afektywnych-psychotycznych\/?page_id=72"},"modified":"2025-10-08T11:45:29","modified_gmt":"2025-10-08T09:45:29","slug":"iv-rok","status":"publish","type":"page","link":"https:\/\/psychiatria.umed.pl\/kzap\/dydaktyka\/iv-rok\/","title":{"rendered":"IV rok"},"content":{"rendered":"<h2>Dokumenty<\/h2>\n<ul>\n<li><a href=\"https:\/\/psychiatria.umed.pl\/kzap\/wp-content\/uploads\/sites\/2\/2024\/12\/studenci_zasady_epidemiczne_2024.pdf\">Zasady bezpiecze\u0144stwa epidemiologicznego<\/a><\/li>\n<li><a href=\"https:\/\/psychiatria.umed.pl\/kzap\/wp-content\/uploads\/sites\/2\/2025\/09\/Indywidualna-karta-cwiczen.docx\">Indywidualna karta \u0107wicze\u0144<\/a><\/li>\n<li><a href=\"https:\/\/psychiatria.umed.pl\/kzap\/wp-content\/uploads\/sites\/2\/2022\/09\/Literatura-IV-rok-1.docx\" target=\"_blank\" rel=\"noopener\">Literatura<\/a><\/li>\n<li><a href=\"https:\/\/psychiatria.umed.pl\/kzap\/wp-content\/uploads\/sites\/2\/2022\/12\/badanie-psychiatryczne-iv-rok.docx\" target=\"_blank\" rel=\"noopener\">Badanie psychiatryczne<\/a><\/li>\n<\/ul>\n<p>&nbsp;<\/p>\n<h2>Prelekcje<\/h2>\n<ul>\n<li><a href=\"https:\/\/psychiatria.umed.pl\/pliki\/Aspekty-prawne-w-psychiatrii.pdf\">Aspekty prawne w psychiatrii<\/a><\/li>\n<li><a href=\"https:\/\/psychiatria.umed.pl\/pliki\/Ot\u0119pienia-1.pdf\">Ot\u0119pienia<\/a><\/li>\n<li><a href=\"https:\/\/psychiatria.umed.pl\/wp-content\/uploads\/Psych-dzieci-i-ml.-cz-MOD-MKA.pptx\">Psychiatria dzieci i m\u0142odzie\u017cy cz. I<\/a><\/li>\n<li><a href=\"https:\/\/psychiatria.umed.pl\/pliki\/Psychiatria-dzieci-i-m\u0142odzie\u017cy-cz.-II.pdf\">Psychiatria dzieci i m\u0142odzie\u017cy cz. II<\/a><\/li>\n<li><a href=\"https:\/\/psychiatria.umed.pl\/pliki\/Stany-nag\u0142e-w-psychiatrii.pdf\">Stany nag\u0142e w psychiatrii<\/a><\/li>\n<li><a href=\"https:\/\/psychiatria.umed.pl\/pliki\/Uzale\u017cnienie-od-alkoholu.pdf\">Uzale\u017cnienie od alkoholu<\/a><\/li>\n<li><a href=\"https:\/\/psychiatria.umed.pl\/kzap\/wp-content\/uploads\/sites\/2\/2025\/10\/Zaburzenia-wynikajace-z-uzywania-substancji-psychoaktywnych-Jagoda-Grzejszczak.pdf\" target=\"_blank\" rel=\"noopener\">Uzale\u017cnienie od innych subst. psychoaktywnych<\/a><\/li>\n<li><a href=\"https:\/\/psychiatria.umed.pl\/pliki\/Zaburzenia-osobowos\u0301ci-1.pdf\">Zaburzenia osobowos\u0301ci<\/a><\/li>\n<li><a href=\"https:\/\/psychiatria.umed.pl\/pliki\/Zaburzenia-od\u017cywiania.pdf\">Zaburzenia od\u017cywiania<\/a><\/li>\n<\/ul>\n<p>&nbsp;<\/p>\n<h2>Wyk\u0142ady<\/h2>\n<p>Wyk\u0142ady s\u0105 dost\u0119pne na platformie e-learningowej.<\/p>\n","protected":false},"excerpt":{"rendered":"<p>Dokumenty Zasady bezpiecze\u0144stwa epidemiologicznego Indywidualna karta \u0107wicze\u0144 Literatura Badanie psychiatryczne &nbsp; Prelekcje Aspekty prawne w psychiatrii Ot\u0119pienia Psychiatria dzieci i m\u0142odzie\u017cy cz. I Psychiatria dzieci i m\u0142odzie\u017cy cz. II Stany nag\u0142e w psychiatrii Uzale\u017cnienie od alkoholu Uzale\u017cnienie od innych subst&#8230;.<\/p>\n","protected":false},"author":2,"featured_media":0,"parent":66,"menu_order":0,"comment_status":"closed","ping_status":"closed","template":"","meta":{"footnotes":""},"class_list":["post-72","page","type-page","status-publish","hentry"],"yoast_head":"<!-- This site is optimized with the Yoast SEO plugin v27.4 - https:\/\/yoast.com\/product\/yoast-seo-wordpress\/ -->\n<title>IV rok - Klinika Zaburze\u0144 Afektywnych i Psychotycznych<\/title>\n<meta name=\"robots\" content=\"index, follow, max-snippet:-1, max-image-preview:large, max-video-preview:-1\" \/>\n<link rel=\"canonical\" href=\"https:\/\/psychiatria.umed.pl\/kzap\/dydaktyka\/iv-rok\/\" \/>\n<meta property=\"og:locale\" content=\"pl_PL\" \/>\n<meta property=\"og:type\" content=\"article\" \/>\n<meta property=\"og:title\" content=\"IV rok - Klinika Zaburze\u0144 Afektywnych i Psychotycznych\" \/>\n<meta property=\"og:description\" content=\"Dokumenty Zasady bezpiecze\u0144stwa epidemiologicznego Indywidualna karta \u0107wicze\u0144 Literatura Badanie psychiatryczne &nbsp; Prelekcje Aspekty prawne w psychiatrii Ot\u0119pienia Psychiatria dzieci i m\u0142odzie\u017cy cz. I Psychiatria dzieci i m\u0142odzie\u017cy cz. II Stany nag\u0142e w psychiatrii Uzale\u017cnienie od alkoholu Uzale\u017cnienie od innych subst....\" \/>\n<meta property=\"og:url\" content=\"https:\/\/psychiatria.umed.pl\/kzap\/dydaktyka\/iv-rok\/\" \/>\n<meta property=\"og:site_name\" content=\"Klinika Zaburze\u0144 Afektywnych i Psychotycznych\" \/>\n<meta property=\"article:modified_time\" content=\"2025-10-08T09:45:29+00:00\" \/>\n<meta name=\"twitter:card\" content=\"summary_large_image\" \/>\n<meta name=\"twitter:label1\" content=\"Szacowany czas czytania\" \/>\n\t<meta name=\"twitter:data1\" content=\"1 minuta\" \/>\n<script type=\"application\/ld+json\" class=\"yoast-schema-graph\">{\"@context\":\"https:\\\/\\\/schema.org\",\"@graph\":[{\"@type\":\"WebPage\",\"@id\":\"https:\\\/\\\/psychiatria.umed.pl\\\/kzap\\\/dydaktyka\\\/iv-rok\\\/\",\"url\":\"https:\\\/\\\/psychiatria.umed.pl\\\/kzap\\\/dydaktyka\\\/iv-rok\\\/\",\"name\":\"IV rok - Klinika Zaburze\u0144 Afektywnych i Psychotycznych\",\"isPartOf\":{\"@id\":\"https:\\\/\\\/psychiatria.umed.pl\\\/kzap\\\/#website\"},\"datePublished\":\"2021-12-07T11:53:08+00:00\",\"dateModified\":\"2025-10-08T09:45:29+00:00\",\"breadcrumb\":{\"@id\":\"https:\\\/\\\/psychiatria.umed.pl\\\/kzap\\\/dydaktyka\\\/iv-rok\\\/#breadcrumb\"},\"inLanguage\":\"pl-PL\",\"potentialAction\":[{\"@type\":\"ReadAction\",\"target\":[\"https:\\\/\\\/psychiatria.umed.pl\\\/kzap\\\/dydaktyka\\\/iv-rok\\\/\"]}]},{\"@type\":\"BreadcrumbList\",\"@id\":\"https:\\\/\\\/psychiatria.umed.pl\\\/kzap\\\/dydaktyka\\\/iv-rok\\\/#breadcrumb\",\"itemListElement\":[{\"@type\":\"ListItem\",\"position\":1,\"name\":\"Dydaktyka\",\"item\":\"https:\\\/\\\/psychiatria.umed.pl\\\/kzap\\\/dydaktyka\\\/\"},{\"@type\":\"ListItem\",\"position\":2,\"name\":\"IV rok\"}]},{\"@type\":\"WebSite\",\"@id\":\"https:\\\/\\\/psychiatria.umed.pl\\\/kzap\\\/#website\",\"url\":\"https:\\\/\\\/psychiatria.umed.pl\\\/kzap\\\/\",\"name\":\"Klinika Zaburze\u0144 Afektywnych i Psychotycznych\",\"description\":\"Uniwersytet Medyczny w \u0141odzi\",\"potentialAction\":[{\"@type\":\"SearchAction\",\"target\":{\"@type\":\"EntryPoint\",\"urlTemplate\":\"https:\\\/\\\/psychiatria.umed.pl\\\/kzap\\\/?s={search_term_string}\"},\"query-input\":{\"@type\":\"PropertyValueSpecification\",\"valueRequired\":true,\"valueName\":\"search_term_string\"}}],\"inLanguage\":\"pl-PL\"}]}<\/script>\n<!-- \/ Yoast SEO plugin. -->","yoast_head_json":{"title":"IV rok - Klinika Zaburze\u0144 Afektywnych i Psychotycznych","robots":{"index":"index","follow":"follow","max-snippet":"max-snippet:-1","max-image-preview":"max-image-preview:large","max-video-preview":"max-video-preview:-1"},"canonical":"https:\/\/psychiatria.umed.pl\/kzap\/dydaktyka\/iv-rok\/","og_locale":"pl_PL","og_type":"article","og_title":"IV rok - Klinika Zaburze\u0144 Afektywnych i Psychotycznych","og_description":"Dokumenty Zasady bezpiecze\u0144stwa epidemiologicznego Indywidualna karta \u0107wicze\u0144 Literatura Badanie psychiatryczne &nbsp; Prelekcje Aspekty prawne w psychiatrii Ot\u0119pienia Psychiatria dzieci i m\u0142odzie\u017cy cz. I Psychiatria dzieci i m\u0142odzie\u017cy cz. II Stany nag\u0142e w psychiatrii Uzale\u017cnienie od alkoholu Uzale\u017cnienie od innych subst....","og_url":"https:\/\/psychiatria.umed.pl\/kzap\/dydaktyka\/iv-rok\/","og_site_name":"Klinika Zaburze\u0144 Afektywnych i Psychotycznych","article_modified_time":"2025-10-08T09:45:29+00:00","twitter_card":"summary_large_image","twitter_misc":{"Szacowany czas czytania":"1 minuta"},"schema":{"@context":"https:\/\/schema.org","@graph":[{"@type":"WebPage","@id":"https:\/\/psychiatria.umed.pl\/kzap\/dydaktyka\/iv-rok\/","url":"https:\/\/psychiatria.umed.pl\/kzap\/dydaktyka\/iv-rok\/","name":"IV rok - Klinika Zaburze\u0144 Afektywnych i Psychotycznych","isPartOf":{"@id":"https:\/\/psychiatria.umed.pl\/kzap\/#website"},"datePublished":"2021-12-07T11:53:08+00:00","dateModified":"2025-10-08T09:45:29+00:00","breadcrumb":{"@id":"https:\/\/psychiatria.umed.pl\/kzap\/dydaktyka\/iv-rok\/#breadcrumb"},"inLanguage":"pl-PL","potentialAction":[{"@type":"ReadAction","target":["https:\/\/psychiatria.umed.pl\/kzap\/dydaktyka\/iv-rok\/"]}]},{"@type":"BreadcrumbList","@id":"https:\/\/psychiatria.umed.pl\/kzap\/dydaktyka\/iv-rok\/#breadcrumb","itemListElement":[{"@type":"ListItem","position":1,"name":"Dydaktyka","item":"https:\/\/psychiatria.umed.pl\/kzap\/dydaktyka\/"},{"@type":"ListItem","position":2,"name":"IV rok"}]},{"@type":"WebSite","@id":"https:\/\/psychiatria.umed.pl\/kzap\/#website","url":"https:\/\/psychiatria.umed.pl\/kzap\/","name":"Klinika Zaburze\u0144 Afektywnych i Psychotycznych","description":"Uniwersytet Medyczny w \u0141odzi","potentialAction":[{"@type":"SearchAction","target":{"@type":"EntryPoint","urlTemplate":"https:\/\/psychiatria.umed.pl\/kzap\/?s={search_term_string}"},"query-input":{"@type":"PropertyValueSpecification","valueRequired":true,"valueName":"search_term_string"}}],"inLanguage":"pl-PL"}]}},"lang":"pl","translations":{"pl":72},"pll_sync_post":[],"_links":{"self":[{"href":"https:\/\/psychiatria.umed.pl\/kzap\/wp-json\/wp\/v2\/pages\/72","targetHints":{"allow":["GET"]}}],"collection":[{"href":"https:\/\/psychiatria.umed.pl\/kzap\/wp-json\/wp\/v2\/pages"}],"about":[{"href":"https:\/\/psychiatria.umed.pl\/kzap\/wp-json\/wp\/v2\/types\/page"}],"author":[{"embeddable":true,"href":"https:\/\/psychiatria.umed.pl\/kzap\/wp-json\/wp\/v2\/users\/2"}],"replies":[{"embeddable":true,"href":"https:\/\/psychiatria.umed.pl\/kzap\/wp-json\/wp\/v2\/comments?post=72"}],"version-history":[{"count":19,"href":"https:\/\/psychiatria.umed.pl\/kzap\/wp-json\/wp\/v2\/pages\/72\/revisions"}],"predecessor-version":[{"id":286,"href":"https:\/\/psychiatria.umed.pl\/kzap\/wp-json\/wp\/v2\/pages\/72\/revisions\/286"}],"up":[{"embeddable":true,"href":"https:\/\/psychiatria.umed.pl\/kzap\/wp-json\/wp\/v2\/pages\/66"}],"wp:attachment":[{"href":"https:\/\/psychiatria.umed.pl\/kzap\/wp-json\/wp\/v2\/media?parent=72"}],"curies":[{"name":"wp","href":"https:\/\/api.w.org\/{rel}","templated":true}]}}