{"id":4,"date":"2021-12-07T11:24:50","date_gmt":"2021-12-07T10:24:50","guid":{"rendered":"https:\/\/psychiatria.umed.pl\/klinika-zaburzen-afektywnych-psychotycznych\/?page_id=4"},"modified":"2021-12-07T13:50:47","modified_gmt":"2021-12-07T12:50:47","slug":"strona-glowna","status":"publish","type":"page","link":"https:\/\/psychiatria.umed.pl\/kzap\/","title":{"rendered":"Strona g\u0142\u00f3wna"},"content":{"rendered":"\r\n<p>Witamy na stronie Kliniki Zaburze\u0144 Afektywnych i Psychotycznych I Katedry Psychiatrii Uniwersytetu Medycznego w \u0141odzi. Klinika znajduje si\u0119 na terenie Centralnego Szpitala Klinicznego przy ulicy Czechos\u0142owackiej 8\/10. Jej zesp\u00f3\u0142 zajmuje si\u0119 badaniami naukowymi w dziedzinie: schizofrenii, zaburze\u0144 afektywnych, psychofarmakoterapii i neuropsychologii. Wi\u0119cej o naszych projektach badawczych mo\u017cna dowiedzie\u0107 si\u0119, wchodz\u0105c na podstron\u0119 Dzia\u0142alno\u015b\u0107 Kliniki.<\/p>\r\n\r\n\r\n\r\n<p>Istotnym elementem pracy Kliniki jest proces leczenia pacjent\u00f3w zgodnie z zasadami opartymi na EBM (Evidence Based Medicine). Wa\u017cnym celem jest tak\u017ce przekazywanie wiedzy z zakresu psychiatrii studentom Uniwersytetu Medycznego w \u0141odzi, lekarzom specjalizuj\u0105cym si\u0119 w zakresie psychiatrii og\u00f3lnej, psychiatrii dzieci i m\u0142odzie\u017cy oraz psychologom specjalizuj\u0105cym si\u0119 w zakresie psychologii klinicznej. Zesp\u00f3\u0142 Kliniki tworzy 9 os\u00f3b.<\/p>\r\n","protected":false},"excerpt":{"rendered":"<p>Witamy na stronie Kliniki Zaburze\u0144 Afektywnych i Psychotycznych I Katedry Psychiatrii Uniwersytetu Medycznego w \u0141odzi. Klinika znajduje si\u0119 na terenie Centralnego Szpitala Klinicznego przy ulicy Czechos\u0142owackiej 8\/10. Jej zesp\u00f3\u0142 zajmuje si\u0119 badaniami naukowymi w dziedzinie: schizofrenii, zaburze\u0144 afektywnych, psychofarmakoterapii i&#8230;<\/p>\n","protected":false},"author":2,"featured_media":0,"parent":0,"menu_order":0,"comment_status":"closed","ping_status":"closed","template":"glowna.php","meta":{"footnotes":""},"class_list":["post-4","page","type-page","status-publish","hentry"],"yoast_head":"<!-- This site is optimized with the Yoast SEO plugin v27.5 - https:\/\/yoast.com\/product\/yoast-seo-wordpress\/ -->\n<title>Strona g\u0142\u00f3wna - Klinika Zaburze\u0144 Afektywnych i Psychotycznych<\/title>\n<meta name=\"robots\" content=\"index, follow, max-snippet:-1, max-image-preview:large, max-video-preview:-1\" \/>\n<link rel=\"canonical\" href=\"https:\/\/psychiatria.umed.pl\/kzap\/\" \/>\n<meta property=\"og:locale\" content=\"pl_PL\" \/>\n<meta property=\"og:type\" content=\"article\" \/>\n<meta property=\"og:title\" content=\"Strona g\u0142\u00f3wna - Klinika Zaburze\u0144 Afektywnych i Psychotycznych\" \/>\n<meta property=\"og:description\" content=\"Witamy na stronie Kliniki Zaburze\u0144 Afektywnych i Psychotycznych I Katedry Psychiatrii Uniwersytetu Medycznego w \u0141odzi. Klinika znajduje si\u0119 na terenie Centralnego Szpitala Klinicznego przy ulicy Czechos\u0142owackiej 8\/10. Jej zesp\u00f3\u0142 zajmuje si\u0119 badaniami naukowymi w dziedzinie: schizofrenii, zaburze\u0144 afektywnych, psychofarmakoterapii i...\" \/>\n<meta property=\"og:url\" content=\"https:\/\/psychiatria.umed.pl\/kzap\/\" \/>\n<meta property=\"og:site_name\" content=\"Klinika Zaburze\u0144 Afektywnych i Psychotycznych\" \/>\n<meta property=\"article:modified_time\" content=\"2021-12-07T12:50:47+00:00\" \/>\n<meta name=\"twitter:card\" content=\"summary_large_image\" \/>\n<meta name=\"twitter:label1\" content=\"Szacowany czas czytania\" \/>\n\t<meta name=\"twitter:data1\" content=\"1 minuta\" \/>\n<script type=\"application\/ld+json\" class=\"yoast-schema-graph\">{\"@context\":\"https:\\\/\\\/schema.org\",\"@graph\":[{\"@type\":\"WebPage\",\"@id\":\"https:\\\/\\\/psychiatria.umed.pl\\\/kzap\\\/\",\"url\":\"https:\\\/\\\/psychiatria.umed.pl\\\/kzap\\\/\",\"name\":\"Strona g\u0142\u00f3wna - Klinika Zaburze\u0144 Afektywnych i Psychotycznych\",\"isPartOf\":{\"@id\":\"https:\\\/\\\/psychiatria.umed.pl\\\/kzap\\\/#website\"},\"datePublished\":\"2021-12-07T10:24:50+00:00\",\"dateModified\":\"2021-12-07T12:50:47+00:00\",\"inLanguage\":\"pl-PL\",\"potentialAction\":[{\"@type\":\"ReadAction\",\"target\":[\"https:\\\/\\\/psychiatria.umed.pl\\\/kzap\\\/\"]}]},{\"@type\":\"WebSite\",\"@id\":\"https:\\\/\\\/psychiatria.umed.pl\\\/kzap\\\/#website\",\"url\":\"https:\\\/\\\/psychiatria.umed.pl\\\/kzap\\\/\",\"name\":\"Klinika Zaburze\u0144 Afektywnych i Psychotycznych\",\"description\":\"Uniwersytet Medyczny w \u0141odzi\",\"potentialAction\":[{\"@type\":\"SearchAction\",\"target\":{\"@type\":\"EntryPoint\",\"urlTemplate\":\"https:\\\/\\\/psychiatria.umed.pl\\\/kzap\\\/?s={search_term_string}\"},\"query-input\":{\"@type\":\"PropertyValueSpecification\",\"valueRequired\":true,\"valueName\":\"search_term_string\"}}],\"inLanguage\":\"pl-PL\"}]}<\/script>\n<!-- \/ Yoast SEO plugin. -->","yoast_head_json":{"title":"Strona g\u0142\u00f3wna - Klinika Zaburze\u0144 Afektywnych i Psychotycznych","robots":{"index":"index","follow":"follow","max-snippet":"max-snippet:-1","max-image-preview":"max-image-preview:large","max-video-preview":"max-video-preview:-1"},"canonical":"https:\/\/psychiatria.umed.pl\/kzap\/","og_locale":"pl_PL","og_type":"article","og_title":"Strona g\u0142\u00f3wna - Klinika Zaburze\u0144 Afektywnych i Psychotycznych","og_description":"Witamy na stronie Kliniki Zaburze\u0144 Afektywnych i Psychotycznych I Katedry Psychiatrii Uniwersytetu Medycznego w \u0141odzi. Klinika znajduje si\u0119 na terenie Centralnego Szpitala Klinicznego przy ulicy Czechos\u0142owackiej 8\/10. Jej zesp\u00f3\u0142 zajmuje si\u0119 badaniami naukowymi w dziedzinie: schizofrenii, zaburze\u0144 afektywnych, psychofarmakoterapii i...","og_url":"https:\/\/psychiatria.umed.pl\/kzap\/","og_site_name":"Klinika Zaburze\u0144 Afektywnych i Psychotycznych","article_modified_time":"2021-12-07T12:50:47+00:00","twitter_card":"summary_large_image","twitter_misc":{"Szacowany czas czytania":"1 minuta"},"schema":{"@context":"https:\/\/schema.org","@graph":[{"@type":"WebPage","@id":"https:\/\/psychiatria.umed.pl\/kzap\/","url":"https:\/\/psychiatria.umed.pl\/kzap\/","name":"Strona g\u0142\u00f3wna - Klinika Zaburze\u0144 Afektywnych i Psychotycznych","isPartOf":{"@id":"https:\/\/psychiatria.umed.pl\/kzap\/#website"},"datePublished":"2021-12-07T10:24:50+00:00","dateModified":"2021-12-07T12:50:47+00:00","inLanguage":"pl-PL","potentialAction":[{"@type":"ReadAction","target":["https:\/\/psychiatria.umed.pl\/kzap\/"]}]},{"@type":"WebSite","@id":"https:\/\/psychiatria.umed.pl\/kzap\/#website","url":"https:\/\/psychiatria.umed.pl\/kzap\/","name":"Klinika Zaburze\u0144 Afektywnych i Psychotycznych","description":"Uniwersytet Medyczny w \u0141odzi","potentialAction":[{"@type":"SearchAction","target":{"@type":"EntryPoint","urlTemplate":"https:\/\/psychiatria.umed.pl\/kzap\/?s={search_term_string}"},"query-input":{"@type":"PropertyValueSpecification","valueRequired":true,"valueName":"search_term_string"}}],"inLanguage":"pl-PL"}]}},"lang":"pl","translations":{"pl":4,"en":104},"pll_sync_post":[],"_links":{"self":[{"href":"https:\/\/psychiatria.umed.pl\/kzap\/wp-json\/wp\/v2\/pages\/4","targetHints":{"allow":["GET"]}}],"collection":[{"href":"https:\/\/psychiatria.umed.pl\/kzap\/wp-json\/wp\/v2\/pages"}],"about":[{"href":"https:\/\/psychiatria.umed.pl\/kzap\/wp-json\/wp\/v2\/types\/page"}],"author":[{"embeddable":true,"href":"https:\/\/psychiatria.umed.pl\/kzap\/wp-json\/wp\/v2\/users\/2"}],"replies":[{"embeddable":true,"href":"https:\/\/psychiatria.umed.pl\/kzap\/wp-json\/wp\/v2\/comments?post=4"}],"version-history":[{"count":1,"href":"https:\/\/psychiatria.umed.pl\/kzap\/wp-json\/wp\/v2\/pages\/4\/revisions"}],"predecessor-version":[{"id":5,"href":"https:\/\/psychiatria.umed.pl\/kzap\/wp-json\/wp\/v2\/pages\/4\/revisions\/5"}],"wp:attachment":[{"href":"https:\/\/psychiatria.umed.pl\/kzap\/wp-json\/wp\/v2\/media?parent=4"}],"curies":[{"name":"wp","href":"https:\/\/api.w.org\/{rel}","templated":true}]}}

Strona główna

<p>Witamy na stronie Kliniki Zaburzeń Afektywnych i Psychotycznych I Katedry Psychiatrii Uniwersytetu Medycznego w Łodzi. Klinika znajduje się na terenie Centralnego Szpitala Klinicznego przy ulicy Czechosłowackiej 8/10. Jej zespół zajmuje się badaniami naukowymi w dziedzinie: schizofrenii, zaburzeń afektywnych, psychofarmakoterapii i neuropsychologii. Więcej o naszych projektach badawczych można dowiedzieć się, wchodząc na podstronę Działalność Kliniki.</p>



<p>Istotnym elementem pracy Kliniki jest proces leczenia pacjentów zgodnie z zasadami opartymi na EBM (Evidence Based Medicine). Ważnym celem jest także przekazywanie wiedzy z zakresu psychiatrii studentom Uniwersytetu Medycznego w Łodzi, lekarzom specjalizującym się w zakresie psychiatrii ogólnej, psychiatrii dzieci i młodzieży oraz psychologom specjalizującym się w zakresie psychologii klinicznej. Zespół Kliniki tworzy 9 osób.</p>

<p>Witamy na stronie Kliniki Zaburzeń Afektywnych i Psychotycznych I Katedry Psychiatrii Uniwersytetu Medycznego w Łodzi. Klinika znajduje się na terenie Centralnego Szpitala Klinicznego przy ulicy Czechosłowackiej 8/10. Jej zespół zajmuje się badaniami naukowymi w dziedzinie: schizofrenii, zaburzeń afektywnych, psychofarmakoterapii i&#8230;</p>

<!-- This site is optimized with the Yoast SEO plugin v27.5 - https://yoast.com/product/yoast-seo-wordpress/ -->
<title>Strona główna - Klinika Zaburzeń Afektywnych i Psychotycznych</title>
<meta name="robots" content="index, follow, max-snippet:-1, max-image-preview:large, max-video-preview:-1" />
<link rel="canonical" href="https://psychiatria.umed.pl/kzap/" />
<meta property="og:locale" content="pl_PL" />
<meta property="og:type" content="article" />
<meta property="og:title" content="Strona główna - Klinika Zaburzeń Afektywnych i Psychotycznych" />
<meta property="og:description" content="Witamy na stronie Kliniki Zaburzeń Afektywnych i Psychotycznych I Katedry Psychiatrii Uniwersytetu Medycznego w Łodzi. Klinika znajduje się na terenie Centralnego Szpitala Klinicznego przy ulicy Czechosłowackiej 8/10. Jej zespół zajmuje się badaniami naukowymi w dziedzinie: schizofrenii, zaburzeń afektywnych, psychofarmakoterapii i..." />
<meta property="og:url" content="https://psychiatria.umed.pl/kzap/" />
<meta property="og:site_name" content="Klinika Zaburzeń Afektywnych i Psychotycznych" />
<meta property="article:modified_time" content="2021-12-07T12:50:47+00:00" />
<meta name="twitter:card" content="summary_large_image" />
<meta name="twitter:label1" content="Szacowany czas czytania" />
	<meta name="twitter:data1" content="1 minuta" />
<script type="application/ld+json" class="yoast-schema-graph">{"@context":"https:\/\/schema.org","@graph":[{"@type":"WebPage","@id":"https:\/\/psychiatria.umed.pl\/kzap\/","url":"https:\/\/psychiatria.umed.pl\/kzap\/","name":"Strona główna - Klinika Zaburzeń Afektywnych i Psychotycznych","isPartOf":{"@id":"https:\/\/psychiatria.umed.pl\/kzap\/#website"},"datePublished":"2021-12-07T10:24:50+00:00","dateModified":"2021-12-07T12:50:47+00:00","inLanguage":"pl-PL","potentialAction":[{"@type":"ReadAction","target":["https:\/\/psychiatria.umed.pl\/kzap\/"]}]},{"@type":"WebSite","@id":"https:\/\/psychiatria.umed.pl\/kzap\/#website","url":"https:\/\/psychiatria.umed.pl\/kzap\/","name":"Klinika Zaburzeń Afektywnych i Psychotycznych","description":"Uniwersytet Medyczny w Łodzi","potentialAction":[{"@type":"SearchAction","target":{"@type":"EntryPoint","urlTemplate":"https:\/\/psychiatria.umed.pl\/kzap\/?s={search_term_string}"},"query-input":{"@type":"PropertyValueSpecification","valueRequired":true,"valueName":"search_term_string"}}],"inLanguage":"pl-PL"}]}</script>
<!-- / Yoast SEO plugin. -->

Strona główna - Klinika Zaburzeń Afektywnych i Psychotycznych

Witamy na stronie Kliniki Zaburzeń Afektywnych i Psychotycznych I Katedry Psychiatrii Uniwersytetu Medycznego w Łodzi. Klinika znajduje się na terenie Centralnego Szpitala Klinicznego przy ulicy Czechosłowackiej 8/10. Jej zespół zajmuje się badaniami naukowymi w dziedzinie: schizofrenii, zaburzeń afektywnych, psychofarmakoterapii i...

Klinika Zaburzeń Afektywnych i Psychotycznych

Uniwersytet Medyczny w Łodzi
